 f?
7
Let y(m) = -m - 11. Let z be y(-9). What is the hundreds digit of 3531/15 + z + (-8)/(-5)?
2
Let x(a) be the second derivative of -7/6*a**3 + 1/20*a**5 - 26*a + 0 + 5/6*a**4 + 23/2*a**2. What is the units digit of x(-10)?
3
Let z = -127 - -72. Let b = 27 - z. Let i = 189 - b. What is the units digit of i?
7
Let r(f) = -f - 3. Let j be 1 + 3*(-4)/3. Let k be r(j). Suppose -7*x + 3*x + 88 = k. What is the tens digit of x?
2
Let i(t) = -240*t - 35. Let u be i(-19). Suppose 5*m + 2*p = -0*p + u, 1826 = 2*m + 4*p. What is the units digit of m?
3
Let f = -100 + 102. Suppose 0*z = 2*z + 3*k - 881, f*z + 5*k = 879. Suppose -5*i + z = -193. What is the tens digit of i?
2
Let d(z) = z**3 - 5*z**2 - 8*z - 9. Let b be d(7). Let y = 38 - b. Suppose -y*x + i + i = -436, i = -2*x + 169. What is the tens digit of x?
8
Suppose 5*x - 2*q + 0*q = 8666, -3*x + 2*q + 5202 = 0. What is the units digit of (-2)/(-3) + x/3?
8
Let o = -20 + 21. What is the tens digit of 5 - (-472*o + -4)?
8
Suppose 43*d - 40*d = -690. Let r = 38 - d. What is the units digit of r?
8
Let c be ((-3)/15*0)/2. Suppose t - 3 = -c*t. Suppose 3*j - 141 = -5*b, j = 2*b - t*j - 46. What is the units digit of b?
7
Suppose 0 = -3*b - 15, 3*b + 211 = -4*q + 1028. What is the units digit of q?
8
Let a be 3*(-1 - 48/(-18)). What is the units digit of (a/3)/((-3)/(-594))?
0
Suppose 5*m = 5*z + 45, 2*z + 10 = -12*m + 13*m. Suppose -m*a + 3656 = -0*a. What is the tens digit of a?
5
Let t be (-1132)/6*18/(-4). Suppose -3135 + 996 = -5*h - 2*g, -t = -2*h - 3*g. What is the hundreds digit of h?
4
Let z = 90 - 86. Suppose 353 = p - 4*a, z*p - a - 1784 = -p. What is the hundreds digit of p?
3
Suppose -16*x + 52 = -3*x. Let b(c) = 29*c**3 - 2*c**2 + 8*c - 34. What is the thousands digit of b(x)?
1
Suppose 51301 = -73*x + 625519. What is the tens digit of x?
6
Let o(v) = -v**3 + 23*v**2 + 23*v + 41. Let b be o(21). Suppose 0 = 4*u, -b = -l + 6*u + u. What is the hundreds digit of l?
4
Let r(d) = 1819*d + 143. What is the hundreds digit of r(4)?
4
Let b = -34 - -141. Let i = 119 - b. What is the hundreds digit of (280/i)/7*(2 - -43)?
1
Let h = -75588 - -114525. What is the hundreds digit of h?
9
Suppose 37*g + 371 = 38*g. Suppose -2*q + 647 = -g. What is the hundreds digit of q?
5
Let v = 3 - 7. Let x be 0 + v + 1 + 4 + 25. Suppose -2*w = -34 - x. What is the tens digit of w?
3
Let x = -266 + -335. Let d = x - -1087. What is the hundreds digit of d?
4
Suppose 10*p + 552 = 16*p. Suppose 90*y + 234 = p*y. What is the tens digit of y?
1
Let y be 2*(6 - 7) + 16. Let p be 11 + 0*(-2)/(-4). Suppose y*h - 189 = p*h. What is the tens digit of h?
6
Suppose -z - 3*b = -492, 3*z - b - 1821 = -375. Suppose -2*q + v = -1001, 25*v - 22*v = -q + z. What is the tens digit of q?
9
Let r(i) = 8*i**2 - 10*i - 11. Suppose 26*c = 144 + 64. What is the units digit of r(c)?
1
What is the ten thousands digit of 32540 - ((-18 - 5) + 22)?
3
What is the tens digit of (18 + -13 + -3)*59550/4?
7
Suppose -657714 - 31746 = -30*m. What is the hundreds digit of m?
9
Let b(k) = k**2 - 71*k - 195. What is the thousands digit of b(129)?
7
Let j(n) = -67*n**3 + n**2 - 2*n - 1. Let m be j(-1). Suppose 2*o + m = f + 2*f, 0 = -f - 4*o + 37. Suppose -18*y = -f*y + 483. What is the tens digit of y?
6
Suppose 2*k = -4*w + 102054, -2*w - 42*k = -46*k - 51032. What is the tens digit of w?
1
Suppose 11*s - 90 = 26*s. What is the hundreds digit of 3*51 + 24/s?
1
Let u be (-5*(-44)/550)/(1/(-5)). Let p(c) = -82*c - 56. Let q(r) = -27*r - 19. Let f(z) = 6*p(z) - 17*q(z). What is the units digit of f(u)?
3
Let m = 67 + -75. Let z be m/2 - -4 - -3. Suppose -z*t + 566 = 5*q, -5*t - 380 + 1342 = -q. What is the hundreds digit of t?
1
Suppose 2519932 = 7633*d - 7595*d. What is the units digit of d?
4
Suppose -3*g + 6*g - 9 = 0. Suppose 0 = 3*l - g, -i + 502 = -2*l + 4*l. What is the hundreds digit of i?
5
Let t(x) = 25*x**2 - x. Let a be t(1). Let l = a + -14. Let c(j) = 14*j + 39. What is the units digit of c(l)?
9
Suppose -4*m - 497 = 5*n - 3540, 2*m - 1520 = -4*n. What is the units digit of m?
2
Suppose w + 4*b = 99, 67*w + 2*b - 192 = 65*w. Let l be (3*23)/(6/8). Let j = w - l. What is the units digit of j?
3
What is the thousands digit of (-886)/6*(-14)/(-6)*-9?
3
What is the hundreds digit of (-21555)/5*(-9 - -8)?
3
Let p = 48176 + -26850. What is the tens digit of p?
2
Suppose 0 = -3*f + 3*p + 75, -5*f + 165 = 3*p - 0*p. Suppose f = -5*g + 7*g. What is the units digit of 14*5/g*(16 - -2)?
4
Let b = 535 - 545. What is the tens digit of (1965*12/50)/((-4)/b)?
7
What is the ten thousands digit of 324/(-72)*-178*(-134)/(-6)?
1
What is the tens digit of ((-697)/(-4))/((-60)/(-1440))?
8
Let a(f) = 24*f + 8. Let q(t) be the second derivative of t**4/4 + 10*t**3/3 - t**2 - t. Let p be q(-7). What is the hundreds digit of a(p)?
1
Let z(x) = 21*x**2 - 13*x - 2. Let f(d) = 22*d**2 - 15*d - 3. Let t(w) = -5*f(w) + 6*z(w). What is the tens digit of t(-2)?
7
Let g(k) = 93*k**2 - 32*k - 33. Let c(h) = -62*h**2 + 21*h + 22. Let i(n) = -8*c(n) - 5*g(n). What is the hundreds digit of i(-2)?
1
Suppose -71*o - 74*o + 33*o = -1267728. What is the hundreds digit of o?
3
What is the hundreds digit of (2449728/(-128))/(3/(-2))?
7
Let a be -4*(3 - 6/1 - -1). Let f(l) = -27*l + 19. Let r(q) = 13*q - 10. Let v(d) = 2*f(d) + 5*r(d). What is the units digit of v(a)?
6
Suppose -4 = s - v + 3, 0 = -3*s - 5*v - 61. Let w be (-6842)/s - 3/18. Suppose -7*q = -2*q - w. What is the hundreds digit of q?
1
Let u = 45 + -18. What is the tens digit of ((-2)/(-9) + (-546)/u)*-31?
2
Let h(c) = -15*c + 64. Let z be h(4). Suppose -z*d = -352 - 380. What is the units digit of d?
3
Let j(q) = -179*q - 125*q - 40*q + 1. What is the units digit of j(-1)?
5
What is the tens digit of ((-54166)/(-6) + -1)/(1537/87 - 17)?
4
Let w = 145 + -141. Suppose 2 = -r - 4*g + 8, -13 = -4*r - 5*g. Suppose -w = -2*l, 2*y - 3*l - 156 = r*l. What is the tens digit of y?
8
Let g(q) = -35*q + 14 - 18 + 253*q**2 + 36*q. What is the hundreds digit of g(-2)?
0
Suppose -2722969 - 3428681 = -59*n - 91*n. What is the units digit of n?
1
Suppose 42 = 14*f - 0*f. Let c be (2904/(-16))/(-11) - f/(-2). What is the units digit of 62/c + 20/(-45)?
3
Let g = 80 + -76. Suppose 2*s - 376 = g*s. Let o = 297 + s. What is the hundreds digit of o?
1
Let j be (2/4)/(4/(-5288)). Let t = 1376 + j. What is the tens digit of t?
1
Let t(m) = -9*m**3 - m - 2. Let o be t(-2). Let u = -72 + o. Suppose u = -5*s - 27 + 692. What is the tens digit of s?
3
Let p(l) = -55*l - 80. Suppose 5*w + 42 = 4*o, -13 - 11 = 2*w - 4*o. What is the tens digit of p(w)?
5
Suppose -44*h + 214*h = 2024870. What is the units digit of h?
1
Suppose 577 = -3*j + 5*g - 213, j + 270 = -5*g. Let t = j + 739. What is the units digit of t?
4
What is the hundreds digit of (-1508)/3*(-4284)/336?
4
Let v(y) = y**2 - 5*y + 9. Let d be v(4). Suppose -3785 = -d*z - 1310. What is the units digit of z?
5
Suppose 2*u + 121 = -m, -117 + 417 = -5*u - 3*m. What is the tens digit of -1*(-2796)/21 + 9/u?
3
Let t be 4/(-6) - 87/(-9). Suppose 3*q - 3 = 0, 2*q = -3*l + 2*l + 355. Suppose -t*a = -1550 + l. What is the tens digit of a?
3
Let n = -11 + 15. Suppose 0 = w - 2, -3*a + n*w + 557 = 2*w. What is the hundreds digit of a?
1
Suppose -7*q + 12*q - 10 = 0. Suppose -5*u = -5*d + 125, -d = 3*d + q*u - 100. Let g = 38 - d. What is the units digit of g?
3
Suppose 0*h + 2*n = -5*h + 417, 4*h - n - 344 = 0. Let x = h + 162. What is the tens digit of x?
4
Let u(b) = -8*b**3 - 11*b**2 + 3*b - 11. What is the hundreds digit of u(-6)?
3
Let h(v) = 434*v - 4. Let p be h(1). Suppose 2*r + 5*x - p = 0, x - 645 = 4*r - 7*r. Let i = r + -72. What is the tens digit of i?
4
Let d(z) = 20*z + 13. Suppose 6*v = 3*v + 2*p + 14, -9 = -v + 5*p. Let m be d(v). What is the tens digit of (-1 - 11)/(2 + m/(-42))?
5
Let p = 122 + -125. Let c(z) = -2*z**2 - 3*z + 8. Let s be c(p). Let n(m) = -286*m + 5. What is the hundreds digit of n(s)?
2
Let c(j) = 133*j**2 + 375*j + 45. What is the hundreds digit of c(8)?
5
Let a be -2*-2*3/(-12). Let j be 28/56*(45 - a). Suppose w - j = 19. What is the tens digit of w?
4
Let h be 5*3/(-12)*-4. Suppose -3*g + 919 = h*u - u, -u - 2*g = -226. Let x = -103 + u. What is the ten